 4*g - 1743 = 0. List the prime factors of w.
3, 5, 13
Let b be 1/(795/(-198) - -4). Let r be (-6852)/b - 4/(-22). Suppose 2*w - 5*p - r = 0, -160 = -2*w - 2*w - 2*p. What are the prime factors of w?
2, 3, 7
Suppose 39*q + 932 = 43*q. What are the prime factors of q?
233
Suppose 1951 = 5*x - 169. What are the prime factors of x?
2, 53
Let v = -8 + 10. Let b = v - 0. Suppose -y - 65 = -4*i, b*i - 2*y - 62 = -2*i. List the prime factors of i.
17
Let a(n) = 3*n - 168. Let r be a(0). Let b = r - -380. List the prime factors of b.
2, 53
Let o(f) = 2*f**3 - 107*f**2 + 64*f + 99. What are the prime factors of o(53)?
2, 11, 31
Suppose 25*n = 8*n + 6511. What are the prime factors of n?
383
Let g be -2 + (1 + 0)*5. Suppose 12 = 4*x + 4*p, 0 = -5*x - 0*p + p - g. What are the prime factors of 165/5 - (x + 2)?
31
Suppose -10044 = 17*z - 53*z. What are the prime factors of z?
3, 31
Let l(j) = 6*j**2 + 2*j - 2. Let q(d) = 7*d**2 + 2*d - 2. Let s(o) = 6*l(o) - 5*q(o). Let h = 18 + -15. List the prime factors of s(h).
13
Let f be (-231)/14 - 3/(-2). Let a = 19 + f. Suppose -380 = -5*b + 4*h, a*h = -b - b + 180. List the prime factors of b.
2, 5
Let g = 2814 - -648. List the prime factors of g.
2, 3, 577
Let b(d) = 259*d**2 + 3*d**3 - 2*d**3 - 14 - 249*d**2 - 7*d. What are the prime factors of b(-10)?
2, 7
Let q(m) = 2*m**2 + 72*m + 94. List the prime factors of q(-56).
2, 3, 389
Suppose -5*n + 4*n - 12 = 0. Let x = 18 + n. Let h(c) = c**2 - 2*c + 3. List the prime factors of h(x).
3
Let x = -1203 + 2091. What are the prime factors of x?
2, 3, 37
Let r = 2019 + -1256. List the prime factors of r.
7, 109
Let s be (-4)/((-40)/(-36) - 1). Let d = 11 + s. List the prime factors of 8 - d - 1*-1.
2, 17
What are the prime factors of -1*((-123336)/48 + (-9)/6)?
3, 857
Let s = -4519 - -7990. What are the prime factors of s?
3, 13, 89
Let v(b) = 9*b**2 + 32*b + 8. List the prime factors of v(6).
2, 131
Let h(w) = 2*w. Suppose 5*f = 2*f - 63. Let c = f - -30. List the prime factors of h(c).
2, 3
Suppose -3*l - 499 = -4*d, -3*d + 2*l + 2*l = -369. What are the prime factors of d?
127
Let x(d) = -3*d**3 + 44*d**2 + 7*d - 13. List the prime factors of x(13).
13, 71
Suppose -3*v = -3*n + 24, 0 = -4*n + 2*v + 25 - 1. Suppose n*c - 96 = 240. Suppose 0 = -3*k + 8*k - 3*i - c, -3*k - i = -56. List the prime factors of k.
2, 3
Let g(v) = -v**3 - 14*v**2 - 13*v - 9. Let t be g(-13). Let h(p) = -8*p + 17. List the prime factors of h(t).
89
Let t = 3 + -9. List the prime factors of -1 + (-857)/t - (-2)/12.
2, 71
Let y(h) = 12*h + 84. What are the prime factors of y(32)?
2, 3, 13
Let v(m) = -13*m + 3. Let h(w) = w**2 + 4*w - 3. Let k be h(-3). Let x be v(k). Let y = -31 + x. List the prime factors of y.
2, 5
Let m(q) = 4*q - 6. Let r be m(7). Suppose 0*d = -2*d + 3*f + r, d = -2*f + 11. Let c = d - -7. List the prime factors of c.
2, 3
Let m(q) = q**3 + 16*q**2 - q - 14. Let r be m(-16). What are the prime factors of (6 - -40)*1/r?
23
Let b(n) = -n**2 + 4*n + 5. Let k be b(5). Suppose k = -3*v + 3*u - 2*u + 18, 0 = 4*v - 3*u - 29. List the prime factors of v.
5
Suppose -9*n - 55 = -14*n. Let w = n - -2. Suppose -2*y + w = -5. List the prime factors of y.
3
Let w(b) = 33*b**2 - 17*b + 17. What are the prime factors of w(8)?
1993
List the prime factors of (-24)/(-276) - 30151/(-23).
3, 19, 23
Suppose -3*w = -s + 197, 4*s = -3*w - 0*w - 202. What are the prime factors of (w/(-18))/(2/12)?
2, 11
What are the prime factors of (0 - -1)/(30/8130)?
271
Let h(m) = -3*m**3 + m + 1. Let u be h(-1). Suppose u*r = -5*s + 365, -146 = 2*s - 4*s - 2*r. List the prime factors of s.
73
Let c(o) = 27*o + 1. Let d be c(1). Let i = 52 - d. Suppose 5*y - i = y. What are the prime factors of y?
2, 3
Let m(s) = 5*s**3 + 3*s**2 - 3*s + 1. Let l be m(1). Suppose 8 = 4*o, -w - 4*o - 472 = -l*w. List the prime factors of w.
2, 3
What are the prime factors of (-24)/36 + 0 - 7108/(-6)?
2, 37
Suppose 0 = -5*u + p + 111, -203 + 76 = -5*u - 3*p. Suppose 0 = 18*l - u*l + 115. What are the prime factors of l?
23
Let x(l) = 10*l + 23. Let o(y) = -5*y - 12. Let c(a) = 11*o(a) + 6*x(a). Suppose 4*d - w - 18 = -3*w, d = -3*w + 17. List the prime factors of c(d).
2
Let b(d) = 6*d + 11. Let f be b(14). Suppose -3*y - 57 = l, 5*y - 2*l = 3*l - f. Let n(t) = -t + 27. What are the prime factors of n(y)?
2, 23
Let t = 572 - 298. What are the prime factors of t?
2, 137
Let r = 3613 + -1842. List the prime factors of r.
7, 11, 23
Let i(q) = -q**3 + 27*q**2 - 18*q - 49. What are the prime factors of i(26)?
3, 53
Let k(z) = -169*z - 254. List the prime factors of k(-7).
929
List the prime factors of (-30)/(-25)*(-19395)/(-36)*6.
3, 431
Suppose -19*j = -24*j + 21180. List the prime factors of j.
2, 3, 353
Let l(h) be the first derivative of h**3 + 5*h**2 + 15*h - 8. List the prime factors of l(-7).
2, 23
Let u = -132 + 657. List the prime factors of u.
3, 5, 7
Let q = -1411 - -2065. What are the prime factors of q?
2, 3, 109
Suppose 2*h - 3*o - 1140 = 0, 20*h - 18*h - 1140 = -3*o. List the prime factors of h.
2, 3, 5, 19
Suppose 50179 - 4917 = 53*f. List the prime factors of f.
2, 7, 61
Let f = 460 + -13. List the prime factors of f.
3, 149
Suppose 30*k - 3067 = 1163. What are the prime factors of k?
3, 47
Suppose 366 = 5*p + 6. Suppose p + 41 = 3*q - 4*v, -5*v = q - 63. List the prime factors of q.
43
What are the prime factors of 1644*1*2/8?
3, 137
What are the prime factors of (2265/20)/((-1)/(-4))?
3, 151
Let j = -14 - -19. Suppose -5*v + 1 = -3*b - 3, -5*b + 20 = 5*v. Suppose -v*k + j*c + 36 = 0, -2*c + 5*c = -6. List the prime factors of k.
13
Let v = -16 - -18. Let z(d) = 18*d - 2. List the prime factors of z(v).
2, 17
Suppose -16*k - 52 = -18*k. Suppose -80 = -r - k. List the prime factors of r.
2, 3
Suppose -2*w - 3*n + 11 = -1, -2*n + 8 = w. Let i(u) = u**3 + u**2 - 4. Let y be i(w). List the prime factors of 29*(y/(-2) - 1).
29
Let f be (-1)/(4/(41328/(-4))). Suppose -15*c + f = -6*c. List the prime factors of c.
7, 41
Let m(f) = -10 - 3*f**2 + 2*f + 2*f**2 - 11*f. Let w be m(-5). Let v = w + -8. What are the prime factors of v?
2
Let q = -4 + 6. Let l = q + -9. Let s = 12 - l. What are the prime factors of s?
19
Suppose -18 = -4*t - 2. Suppose 4*k = 5*v - 0*v + 287, 2*k = t*v + 136. What are the prime factors of k?
2, 3, 13
Let y(p) = -p**3 - 6*p**2 - 5*p - 6. Let t be y(-5). What are the prime factors of 53 - -1 - (-24)/t?
2, 5
Suppose -30*t + 35*t = 12625. List the prime factors of t.
5, 101
Let d(p) = -334*p**3 - p**2 - 2*p + 4. Let r be d(-2). What are the prime factors of 1/(-5) - (r/(-30) - 5)?
2, 47
Let h(p) = 13*p - 5. Let w(m) = 2*m - 28*m + 3 + 7. Let k(q) = -5*h(q) - 2*w(q). What are the prime factors of k(-3)?
2, 11
Let l(v) = 3*v**2 - 15*v - 93. List the prime factors of l(-22).
3, 563
Suppose 2*p - 5*v + 9*v + 30 = 0, 3*p + v + 20 = 0. Let n(i) = i**2 - 2*i - 11. List the prime factors of n(p).
2, 3
Let j(f) be the first derivative of 2*f**3/3 + 5*f**2/2 + 7*f - 34. Let w(y) = y**3 + 5*y**2 + 5*y - 1. Let c be w(-4). What are the prime factors of j(c)?
2
Let v be (-146)/(1 - (-44)/(-36)). Suppose -4*c + v = -0*c + 3*w, -c = -4*w - 150. What are the prime factors of c?
2, 3
Let g be 4/14 + -17*(-201)/21. Let j = g + -76. List the prime factors of j.
3, 29
Let q = -27 + 47. Suppose 0 = -f + 6*f - q. Suppose f*s = 118 - 46. List the prime factors of s.
2, 3
Let v = 10 + -14. Let b be (2/3)/(v/(-48)). Suppose 0 = 2*r - 6*r + b. What are the prime factors of r?
2
Let u(l) = -5*l**2 + 3*l. Let k(t) = t**2 + t - 1. Let p(c) = 4*k(c) + u(c). Let f be p(4). Suppose -f*a + 6*a = -66. What are the prime factors of a?
3, 11
Suppose -3*j - 14 = -2. Let m = 26 + j. Let n = m - -1. List the prime factors of n.
23
Suppose u - 9 = -p + 3*u, -40 = -5*p + 5*u. Suppose p*f = 1082 + 24. What are the prime factors of f?
2, 79
Let l(r) = 7*r**2 - r. Let y be (2/(-10))/(10/(-50)). What are the prime factors of l(y)?
2, 3
Suppose 0 = 4*o + 5*q - 248, 12 = -o + 3*q + 57. Suppose 3*j = o - 6. List the prime factors of j.
17
What are the prime factors of 1749*((-95)/(-228) - (-1)/4)?
2, 11, 53
Let y(i) = 52*i**2 + 2*i - 1. List the prime factors of y(3).
11, 43
Let p(h) = 1 - 4*h - h + h. Let x be p(-1). Suppose 5*k - 3*g = 31, 